te?
False
Let a be (-5)/((-25)/10) + 8/(-1). Let p(t) = -127*t + 21. Let y be p(a). Let o = 656 + y. Is o prime?
True
Let g(b) = -b**3 - 23*b**2 - 5*b + 43. Let x be g(-28). Suppose 6*r - 691 = x. Is r a composite number?
True
Suppose -54 = 3*z - 21*z. Suppose 1139 = g + q, -z*g - 5*q = g - 4557. Is g a composite number?
True
Suppose 26*d - 20 = 136. Let s(m) = 473*m - 61. Is s(d) prime?
True
Suppose 22*n - 23*n + 16 = 0. Is (1069/2)/((-104)/n - -7) composite?
False
Let z be 3/12*(-2 - 160)*56. Let o = 6351 + z. Is o a composite number?
True
Let f(k) = 133*k**3 - 6*k**2 + 12*k - 26. Is f(3) prime?
True
Let i = 198 + -191. Suppose -4*g = 5*n - 1779, 0 = 8*g - i*g - 2*n - 461. Is g prime?
False
Is (-10623000)/(-51) - -2*19/(-323) a composite number?
True
Let j(x) = -x**3 - 2*x**2 - x - 9. Let i be j(-3). Suppose 7*n = -i*n. Suppose 4*r + 5*d - 3734 = -802, -3*d = n. Is r a prime number?
True
Suppose 8 = 9*k - 10. Suppose b = -k + 3. Is b/(-6) - 12565/(-42) a prime number?
False
Let d = 2235502 + -1578315. Is d a composite number?
False
Suppose -r + 3 = h, 0 = h - 0*r - 4*r + 17. Suppose b - 27 = -2*v, 5*b + 31 = -4*v + 190. Is (h + 0)/(b/(-37835)) prime?
False
Is (4*(-41)/2)/(-36 - 4250650/(-118075)) a composite number?
True
Suppose 192*v - 196*v = 4*q - 138936, 0 = -5*q - 4*v + 173675. Is q prime?
True
Let w be 1 + 2 + 3*-21. Let g be (10 - 6)*5049/108. Let o = w + g. Is o a prime number?
True
Let d(z) = 36*z + 157. Let y be d(-4). Suppose -y*f = -37020 + 425. Is f composite?
True
Let j be 3/(-1)*11/(77/(-21)). Let s(l) = 15*l**2 - 16*l + 44. Is s(j) composite?
True
Suppose -4*j = -384*w + 381*w - 27, -j + 13 = -2*w. Suppose -97 = -2*z + 835. Suppose -4*a + 318 + 144 = g, -4*a + z = j*g. Is a prime?
False
Let t be 1/3*1 - (-5)/3. Suppose 0*d + t*d + 2 = 0. Is ((-6)/4)/d*(-42650)/(-15) composite?
True
Let m(b) = -327*b**3 + 7*b**2 - 7*b - 10. Let t(c) = -653*c**3 + 13*c**2 - 11*c - 19. Let x(g) = -5*m(g) + 3*t(g). Is x(-4) prime?
False
Suppose -k = -5*h + 27, 11*k = 8*k + 9. Let s(u) = 54*u**3 + 7*u**2 - 14*u + 19. Is s(h) a composite number?
True
Is (27 - 30)*(-5 + (-294762)/9) a composite number?
False
Let p = -20 - -38. Suppose -19*n = -13*n - p. Is -2626*n/(-6) + -8 + 10 a prime number?
False
Suppose 0 = -4*z + 3*a - 196, -a = 5*z - 4*a + 248. Let s = z - -56. Suppose 2*g = s*x - 3*g - 7557, -g = 2*x - 3761. Is x prime?
False
Suppose -2*a + 335094 = -5*z, -17*a + 16*a + 167561 = z. Is a a composite number?
True
Suppose 0 = 38*n - 38332 - 780264. Is n composite?
True
Let y(v) = 6709*v + 423. Is y(10) composite?
True
Suppose -4*w - 542 = q, -552 = 4*w + 2*q - 6*q. Let t = 140 + w. Suppose 0 = -0*i + 3*i + t*o - 1517, i = -o + 505. Is i prime?
True
Let m = 1129 - 365. Let a = m + -275. Let t = a + -190. Is t prime?
False
Let c = -17 - -19. Is c/(48/(-30)) + (-105618)/(-8) prime?
False
Let f = -207055 + 671426. Is f a prime number?
True
Is (114/(-152))/(1/(-267676)*3) a composite number?
False
Let x(a) = 52175*a**2 + 289*a + 587. Is x(-2) a prime number?
False
Is ((-309188)/(-66))/(4375/1455 + -3) composite?
True
Suppose 809 - 4421 = -7*u. Let k = -96 + u. Suppose -3*l - l = w - 219, k = 2*w - l. Is w a composite number?
False
Suppose 4*s - 414757 = -n, -180869 - 130239 = -3*s + 5*n. Is s a composite number?
True
Let z be (-5)/((-90)/(-6188)) - 26/117. Let q = 1209 + z. Is q a prime number?
False
Suppose l = -0*l - 9. Let y be 5 + l + (74 - -1). Let z = -28 + y. Is z a composite number?
False
Let i(z) = 3464*z**2 + 4*z - 59. Is i(8) a prime number?
False
Suppose 361*k - 362*k = -2. Let f = 4293 - 313. Is (-11)/k*f/(-10) a composite number?
True
Suppose h - 83010 = -4*h. Is (-3)/((-49812)/h + 3) a composite number?
True
Suppose 6*k - 16*p + 14*p - 574962 = 0, -p = 4*k - 383308. Is k prime?
False
Let h = 36 + -31. Suppose -3*k - 2*m = -2*k + 22, -h*m = 5*k + 95. Is k/(-24) - (-2635)/3 composite?
True
Suppose -3*g - 32*i + 2303715 = -28*i, 3 = -i. Is g composite?
False
Let y(p) = 1185*p**2 + 8*p + 9. Let r be y(-1). Let c = r + 753. Is c composite?
True
Is 2/6 - (177/9*-27073 - 3) a prime number?
True
Suppose -12*k + 96 = -4*k. Suppose -442 = -v - k*v. Is (v/(-6))/(3/(-207)) a composite number?
True
Let d(m) = 10233*m**2 - 291*m + 1801. Is d(6) composite?
False
Let l be ((-8)/(-10))/((-6)/(-15)) + 1. Let p(u) = u**3 - 2*u**2 - 2*u - 1. Let z be p(l). Suppose z*g - 307 = 3*n, -6*g = -2*g + 5*n - 669. Is g composite?
True
Is 8 - 70710*(-4)/((-8)/(-5)) a prime number?
False
Let u(n) = 3*n**2 + 2*n - 203*n**3 + 3*n - 2*n + 3. Suppose 12*d - 817 + 841 = 0. Is u(d) a prime number?
False
Suppose 509 = -s + 101. Let k = 164 + s. Let x = k + 511. Is x composite?
True
Let w be ((-770)/(-15))/(4/942). Let i = w - 6682. Is i a composite number?
False
Suppose -69*i - 5971749 = -90*i. Is i prime?
True
Suppose -61*q - 113*q + 19386832 = -95662838. Is q prime?
False
Let d = -13 - -13. Suppose d = -2*v - 4*l - 133 + 2043, 4*l + 1894 = 2*v. Is v a composite number?
True
Let z = 569 + -546. Is (-1246)/(-4)*2 - (z - 23) composite?
True
Suppose 18336776 - 5461195 = 101*z. Is z prime?
True
Suppose -4*t + 32 = -2*a, 2*t - 5*a = -0*t + 32. Suppose -h + 43 = t. Suppose 40*c - 6099 = h*c. Is c prime?
False
Is ((-154042)/21)/((-46)/6 - -7) composite?
False
Let b(f) = -223 + 2*f + 425 - f**3 + 11*f**2 - 224. Let p be b(11). Suppose -y - 43 + 170 = p. Is y prime?
True
Let j(a) = a**2 + 64*a - 56. Let g be j(50). Let v = 11085 + g. Is v composite?
False
Let k = 28 + -26. Suppose k*l + 0*l - 12488 = 0. Suppose -4*d + 5128 = -l. Is d a prime number?
True
Let k be (-4)/((-32)/(-56)) + -13323. Let z = k + 23561. Is z composite?
True
Let k = 946665 + -36904. Is k prime?
True
Suppose 8*n - 5*n = 13*n. Suppose n = 126*r - 119*r - 6671. Is r prime?
True
Suppose 15*p - 4*p - 44 = 0. Is 689 + (-10)/5 - p a composite number?
False
Suppose 4*o - 310 - 42 = 0. Let n = 45 - o. Let i = n + 82. Is i composite?
True
Let q(s) = -35*s - 27 - 37 + 76. Let u be q(-6). Suppose u = -0*o + 6*o. Is o a prime number?
True
Let p(k) = k**2 - 12*k + 10. Let b(i) = 3*i - 5. Let q be b(2). Let c(d) = d**2 + d. Let x(v) = q*p(v) + 3*c(v). Is x(9) a prime number?
False
Is -2 + (-96)/(-50) - (-63933672)/275 prime?
False
Suppose 4*c + 2 + 38 = 0. Let t = 6 + c. Let l(v) = 20*v**2 + 2*v - 5. Is l(t) a prime number?
True
Let p = 71 + -76. Is 404335/85 - p/(255/6) prime?
False
Suppose -1153093 = 339*l - 356*l. Is l prime?
True
Let l(o) = 5*o**2 - 47*o - 329. Is l(-33) composite?
True
Suppose k + 12103 - 30322 = 0. Suppose 2*q = 5*q - k. Is q composite?
False
Let x be (1 - -2)/(2 + -3). Let b be -6 + 2 + 11 + 3 + -12. Is (586/4)/(x/(-4 + b)) a prime number?
True
Let y = -2699151 + 4182290. Is y composite?
True
Let v = -3673 + 5215. Let d = v + 95. Is d prime?
True
Let q(f) = f**3 - 17*f**2 - 20*f + 25. Let g be q(18). Let b = g + 14. Is b/(((-6)/(-24))/((-101)/(-4))) composite?
True
Let w(k) = 83*k**2 - 2*k + 22. Let l be w(9). Let d(r) = -3310*r. Let a be d(-3). Let h = a - l. Is h composite?
False
Let d = 7231 + 8820. Is d prime?
False
Let z be 1*3 + (-10)/(-10). Let p(r) = -19*r + 12. Let b be p(-22). Suppose 42 - b = -z*u. Is u a composite number?
False
Let d(t) = -1408*t**3 + t**2 + t + 1. Let j(f) = 7*f - 26. Let g be j(4). Suppose -3*h - 1 = -g*h. Is d(h) a composite number?
False
Let i(v) be the first derivative of -v**4 - 7*v**3/3 + 17*v**2/2 - 75*v + 147. Is i(-13) a composite number?
False
Suppose -r - d = -348, 3*r = -4*d + 6*d + 1029. Is 2/10 - (-972486)/r a composite number?
False
Let n = -1979 + -3387. Is (1/2*n)/(6/(-30)) composite?
True
Let j(f) = -3. Let h(i) = 5. Let w(m) = 4*h(m) + 7*j(m). Let d(z) = 349*z**2 + 3*z + 3. Let v(b) = d(b) + 3*w(b). Is v(-1) prime?
False
Suppose -4*d - 2*g = -42738, 2*g = -d + g + 10682. Let m = d - 16287. Let j = m + 10671. Is j a composite number?
True
Let c(u) = -6*u - 10. Let a be c(-3). Suppose 2*x = a, 0 = -2*t + 3*x - x - 22. Let h(y) = -340*y + 31. Is h(t) a composite number?
False
Suppose -232267 = -20*r + 3514473. Is r prime?
True
Suppose l + 129*h - 134*h - 759319 = 0, 3*l + 4*h = 2277995. Is l composite?
False
Let i be (14/(-35))/1 - 3306/10. Let n = 1055 + i. Is n/14 + 1 - (-56)/196 prime?
True
Let s(x) = 127*x + 79. Suppose -4*d = 6*h - h + 4, -5*d